e 10?
29850
4b76 (base 12) to base 5
233321
What is -1001000100001 (base 2) in base 6?
-33253
Convert 20233 (base 5) to base 8.
2446
What is 12307 (base 8) in base 14?
1d1d
Convert -18 (base 10) to base 15.
-13
What is 63f (base 16) in base 7?
4443
What is -1210 (base 4) in base 8?
-144
What is 292 (base 10) in base 14?
16c
What is 5447 (base 12) in base 15?
2b31
34311 (base 5) to base 12
1508
Convert -31b (base 16) to base 12.
-563
What is 16262 (base 8) in base 3?
101002002
-343 (base 14) to base 16
-287
Convert 100100101 (base 2) to base 12.
205
What is -3233113 (base 5) in base 9?
-84004
Convert 130040 (base 5) to base 16.
139c
-14936 (base 12) to base 7
-150336
Convert 81b (base 13) to base 4.
111200
What is -12106 (base 9) in base 16?
-1faa
What is 11110011000110 (base 2) in base 8?
36306
13d9 (base 15) to base 14
179c
1225 (base 9) to base 14
494
Convert -9216 (base 11) to base 14.
-4662
2255 (base 6) to base 16
21b
-78 (base 13) to base 7
-201
Convert -13c1a (base 13) to base 15.
-b053
Convert -3532 (base 11) to base 6.
-33241
What is 2ad6 (base 15) in base 11?
6a05
111001110 (base 2) to base 12
326
Convert 111001022 (base 3) to base 7.
36506
-23227 (base 9) to base 6
-155424
-3411 (base 15) to base 10
-11041
Convert -32330 (base 4) to base 11.
-79a
What is 110101000 (base 2) in base 8?
650
Convert 386 (base 16) to base 14.
486
Convert -460 (base 7) to base 4.
-3232
Convert 200320 (base 4) to base 2.
100000111000
What is 13317 (base 12) in base 4?
12130003
Convert -6d (base 14) to base 5.
-342
What is 31413 (base 5) in base 8?
4074
Convert 87c (base 16) to base 7.
6222
What is 10100121 (base 3) in base 4?
212032
What is -32414 (base 5) in base 12?
-1362
What is -51065 (base 10) in base 14?
-14877
13333 (base 4) to base 3
200221
-2467 (base 9) to base 15
-82d
What is -5786 (base 9) in base 12?
-2596
Convert -30113110 (base 4) to base 2.
-1100010111010100
What is -8485 (base 9) in base 11?
-4757
-6d9 (base 16) to base 9
-2357
Convert 5978 (base 11) to base 6.
100125
201 (base 13) to base 11
289
-35563 (base 7) to base 8
-21770
Convert -1001000010 (base 3) to base 5.
-1123130
706 (base 9) to base 5
4243
What is -520 (base 14) in base 13?
-5c7
What is -12221 (base 4) in base 15?
-1d5
Convert -1205 (base 9) to base 8.
-1600
-11001010100 (base 2) to base 16
-654
-13054 (base 6) to base 9
-2637
Convert -25624 (base 7) to base 15.
-2054
What is 17053 (base 9) in base 15?
370c
What is 94bb (base 12) in base 14?
5d03
-2312 (base 5) to base 7
-653
-21130 (base 4) to base 2
-1001011100
Convert 2822 (base 9) to base 10.
2126
Convert 710 (base 11) to base 13.
510
What is -b4 (base 13) in base 14?
-a7
Convert -b63 (base 12) to base 14.
-867
-500 (base 11) to base 3
-211102
Convert 19ed (base 15) to base 7.
22252
What is -404 (base 15) in base 9?
-1214
What is -5 (base 15) in base 4?
-11
What is 105250 (base 6) in base 7?
35055
-40431 (base 5) to base 14
-d4c
What is -546 (base 11) in base 6?
-3011
Convert 10100120 (base 3) to base 5.
34240
Convert 100100101100 (base 2) to base 9.
3188
Convert -261206 (base 7) to base 8.
-136523
What is 2630 (base 15) in base 3?
102011200
120440 (base 7) to base 13
9c26
79b9 (base 12) to base 13
6210
-311321 (base 6) to base 8
-60601
10121102 (base 3) to base 15
ba5
Convert -18587 (base 10) to base 7.
-105122
2083 (base 11) to base 12
1715
What is 11410 (base 5) in base 4?
31113
Convert 11314 (base 7) to base 5.
43102
What is -55d (base 15) in base 11?
-a03
Convert 200022 (base 3) to base 12.
352
4867 (base 12) to base 10
8143
Convert 4023 (base 12) to base 13.
320a
32112310 (base 4) to base 9
88587
-1000010001000100 (base 2) to base 10
-33860
Convert 1030110 (base 4) to base 7.
20145
Convert 21482 (base 10) to base 5.
1141412
What is 1629a (base 13) in base 6?
523224
What is 10011010000 (base 2) in base 9?
1618
Convert -101210 (base 3) to base 8.
-443
Convert -1055 (base 7) to base 10.
-383
Convert 111100112 (base 3) to base 4.
2120012
Convert -6f2 (base 16) to base 8.
-3362
10021 (base 5) to base 9
776
Convert -110010100100100 (base 2) to base 14.
-9616
Convert 2201222022 (base 3) to base 13.
1b713
What is -1000101011000 (base 2) in base 4?
-1011120
Convert -415 (base 9) to base 13.
-200
Convert 1263 (base 8) to base 3.
221121
-5741 (base 8) to base 9
-4148
What is -301450 (base 6) in base 8?
-56246
What is 534 (base 6) in base 10?
202
-4a28 (base 12) to base 7
-33305
What is 1110101011111111 (base 2) in base 12?
2a993
What is -721 (base 9) in base 6?
-2414
Convert 2112210 (base 3) to base 16.
741
Convert 1575 (base 11) to base 4.
133202
-7394 (base 14) to base 9
-30300
Convert 1001011100010000 (base 2) to base 3.
1222001022
Convert 1130 (base 4) to base 15.
62
What is 2a (base 15) in base 12?
34
What is 245 (base 15) in base 11?
429
12a (base 16) to base 4
10222
-1143 (base 6) to base 13
-186
What is -1140 (base 7) in base 6?
-1540
Convert 8003 (base 16) to base 15.
9a9b
-50145 (base 6) to base 13
-2c96
What is 2267 (base 9) in base 3?
2022021
What is -3eb1 (base 15) in base 6?
-142121
What is -217 (base 14) in base 7?
-1130
What is 9476 (base 11) in base 5?
400141
What is 11a7 (base 11) in base 3?
2011010
Convert -331034 (base 5) to base 2.
-10110010000010
Convert 203400 (base 5) to base 15.
1ed5
What is 1ca (base 15) in base 11?
348
21a75 (base 12) to base 5
2412404
What is -4034414 (base 5) in base 2?
-1111110111011000
What is -944 (base 11) in base 2?
-10001110001
Convert -1122 (base 3) to base 7.
-62
What is -366 (base 8) in base 4?
-3312
277 (base 13) to base 15
1e1
What is -142 (base 15) in base 7?
-560
Convert -6315 (base 13) to base 3.
-200210200
Convert -11100101010 (base 2) to base 4.
-130222
What is 18de (base 16) in base 5?
200431
21211 (base 3) to base 10
211
-1000101001 (base 2) to base 5
-4203
What is -41110 (base 5) in base 6?
-20143
What is 745 (base 9) in base 14?
316
What is 100101101 (base 2) in base 14?
177
Convert -16450 (base 7) to base 13.
-219a
Convert 14052 (base 7) to base 8.
7342
What is 10736 (base 9) in base 2?
1101111111001
What is 179 (base 10) in base 2?
10110011
32001 (base 5) to base 3
2220202
What is -11325 (base 10) in base 16?
-2c3d
What is ca6 (base 14) in base 12?
1542
Convert -1045 (base 13) to base 16.
-8ce
-55200 (base 6) to base 5
-221012
-404504 (base 7) to base 16
-10cf1
Convert 20111221 (base 3) to base 6.
33554
Convert 123da (base 14) to base 13.
17453
What is -1123030 (base 4) in base 9?
-8004
Convert 20d (base 14) to base 6.
1513
-1011001110 (base 2) to base 9
-877
Convert -116a (base 12) to base 11.
-1517
What is -3443032 (base 5) in base 13?
-2245a
What is -111312 (base 4) in base 3?
-1220210
What is 605 (base 10) in base 11?
500
Convert 463 (base 10) to base 11.
391
Convert -40331 (base 5) to base 2.
-101000011111
Convert -131 (base 11) to base 2.
-10011011
22213 (base 4) to base 10
679
What is 8360 (base 9) in base 3?
22102000
-16927 (base 12) to base 8
-77257
What is 110001 (base 3) in base 7?
643
Convert -1101000100001 (base 2) to base 4.
-1220201
What is cca (base 15) in base 13?
1414
What is -23100 (base 8) in base 5?
-303132
Convert 4602 (base 12) to base 11.
5931
What is a0 (base 12) in base 13?
93
Convert -1230020 (base 4) to base 8.
-15410
What is b3 (base 14) in base 13?
c1
What is 11112000 (base 3) in base 5?
101134
Convert 2a87 (base 12) to base 2.
1001110000111
-338c (base 14) to base 16
-22f0
Convert -41c (base 16) to base 4.
-100130
Convert 1022302 (base 4) to base 10.
4786
Convert 4445 (base 8) to base 11.
1839
e15 (base 15) to base 12
1a02
What is -1a7d (base 14) in base 4?
-1023033
What is -314042 (base 5) in base 10?
-10522
Convert 203233 (base 4) to base 15.
a27
What is -402224 (base 5) in base 2?
-11001000001110
3340 (base 7) to base 12
844
Convert 3321202 (base 4) to base 9.
23814
Convert -20201330 (base 4) to base 2.
-1000100001111100
-1d8c (base 15) to base 2
-1100100100000
-1732a (base 11) to base 12
-12115
What is d647 (base 15) in base 12?
22264
What is 255 (base 9) in base 6?
552
Convert -36117 (base 11) to base 10.
-52048
What is -309 (base 15) in base 5?
-10214
What is -231111 (base 4) in base 6?
-21233
Convert -21 (base 6) to base 7.
-16
What is -1481 (base 12) in base 13?
-1129
-2167 (base 8) to base 4
-101313
What is -13b (b